he units digit of u?
3
Let q be (6/(-4))/(3/(-40)). Let o = q + -16. Suppose -w + 2*w = o. What is the units digit of w?
4
What is the tens digit of (-117)/(-351) + -1 + 514/6?
8
Suppose 19*n - 2 - 55 = 0. Let o = 9 + -6. Suppose c - 25 = -c + n*a, -o*c + 43 = a. What is the tens digit of c?
1
Let z(w) = -w**2 - 9*w + 1. Let a be z(-8). Let d be (-26 - 2)/(6/a). What is the units digit of 3/(-7) - 1404/d?
3
Suppose -57832 = -40*h + 3128. What is the units digit of h?
4
Let l = 6 + -4. Suppose -5*r = 5, -7*r = -2*g - l*r - 25. What is the units digit of ((-295)/g)/((-3)/(-9))?
9
Let i(o) = o**2 - 2*o - 30. Let p be i(7). What is the tens digit of 601/p + 3 + (-64)/20?
2
Let c = 104 - 103. What is the units digit of 1552/(-4)*c/(-4)?
7
Let v = 3018 + -1794. What is the thousands digit of v?
1
Suppose 6*x - 23 = 1. Suppose 4*z - 18 = 3*g, 3*g - x*g = 2*z - 4. Suppose 6 - 81 = -z*d. What is the units digit of d?
5
Suppose -238 = -5*j + 207. Suppose -5*k - 2*g + j = -g, 38 = 2*k + g. What is the units digit of k?
7
What is the thousands digit of (12/(-5))/((-328)/193110)?
1
Let u(h) = -8*h - 56. Let d be u(-26). Let r = 266 - d. What is the tens digit of r?
1
What is the thousands digit of (-1)/18*4 + (-1372840)/(-315)?
4
What is the tens digit of (-6)/8 - (-12780)/144?
8
Let o be (-2)/13 + 420/26. Suppose 21*u = o*u + 45. What is the units digit of u?
9
Suppose 52 = v - 8. Suppose 3*a + 33 = v. What is the units digit of a?
9
Suppose 3*f - 685 = -4*i, -3*i + 530 = 8*f - 9*f. What is the hundreds digit of i?
1
What is the hundreds digit of (40 - -4)/4*113?
2
Suppose 0 = 2*r - 10. Suppose 3*d - 2*a - 12 = 0, -4*d + r*a = d - 15. Suppose x + 80 = d*x - 4*p, -2*p - 90 = -5*x. What is the tens digit of x?
2
Let p = 1971 - 237. What is the hundreds digit of p?
7
Let y be 0 + (781/22)/((-2)/(-40)). Suppose -3*s + y = 20. What is the units digit of s?
0
Let n(r) = -r + 8. Suppose 37 = 5*v - 23. Let w be n(v). Let q(p) = -p**2 - 5*p. What is the units digit of q(w)?
4
Let h(z) = -5*z**2 + z + 3. Let y(i) = i**2 + i - 1. Let b(l) = h(l) + 6*y(l). Let q be 30/(-4)*40/30. What is the tens digit of b(q)?
2
What is the units digit of (-7)/(-21) - 7782/(-9)?
5
Let q(k) = 21*k + 3. Let a be q(10). Suppose -2*z + 0*z = -3*s - 145, 3*z - 3*s - a = 0. Suppose 0 = -2*g + 6*g - z. What is the tens digit of g?
1
What is the units digit of (3435/10)/3*2?
9
Let a = 2206 + 597. What is the tens digit of a?
0
Suppose -2*b = 15*g - 12*g - 2417, -5*b = -2*g + 1605. What is the tens digit of g?
0
Suppose 27*g = 46449 + 1935. What is the units digit of g?
2
Suppose -4*d - 3 = -x + 7, -2*d + 4 = 4*x. Suppose 2*t = -r - 4, 14 = 5*t - 3*r + 46. What is the units digit of x/t - 510/(-20)?
5
Let u(w) = 4*w**3 + 10*w**2 - 2*w**3 - 12 + 3*w - 13*w. Let h be u(-9). What is the units digit of (1/3)/((-5)/h)?
8
Let s = -10 + 50. Let f = s - 37. Suppose f*n - 54 = -0*n. What is the units digit of n?
8
Let s(o) = -2*o + 122. What is the units digit of s(20)?
2
Suppose -10 = -10*t + 8*t + 4*u, -t + 5 = 3*u. Suppose 0 = t*d - 171 - 4. What is the units digit of d?
5
Let b = 76 - 97. Let m = 94 - b. What is the hundreds digit of m?
1
Let l = -30 + 34. Suppose -l*g - 11 = -155. What is the tens digit of g?
3
Suppose 0 = -3*t + 2*t + 27. Let u = -184 + 193. What is the tens digit of 2/u - (-912)/t?
3
Suppose 0 = -q + 7 + 2. Let l(a) = a**3 - 7*a**2 - 12*a + 2. Let z be l(q). Let h = -23 + z. What is the tens digit of h?
3
Let h be (3 - 1) + (-3 - 59). What is the hundreds digit of h/9*(-2 + 445/(-10))?
3
Let z(f) = 18*f - 26. Let i(d) = -2*d + 3. Let c = -8 - -14. Let y(q) = c*z(q) + 52*i(q). What is the units digit of y(5)?
0
What is the tens digit of -3*5/25 - 1389/(-15)?
9
Suppose 13 - 57 = -4*z. Suppose -4*a - z = -3. What is the units digit of 5 - (-3)/(1 + a)?
2
Let d = -69 + 61. What is the units digit of (124/(-20) + -1)/(d/220)?
8
Let k(y) = -y**3 - 6*y**2 - 6*y - 2. Let q be k(-5). Suppose d - 4*d - 5*z = -40, 0 = q*d - 5*z - 20. What is the units digit of (17/2)/(d/20)?
7
Let h = 2832 - 968. Suppose -72*y = -64*y - h. What is the units digit of y?
3
Suppose 2*r - 4*r + 6 = 0. Suppose r*o + 3 = 15. Suppose -2*d + 26 = o*i, 0 = -i - 2*d - 3 + 2. What is the units digit of i?
9
Let v = 4122 - 1850. What is the tens digit of v?
7
Suppose 3*m - 1 = -2*v, 5*v = m - 8 + 36. Suppose j - v*j + 12 = 0. Let c(o) = 5*o - 2. What is the tens digit of c(j)?
1
Suppose 2*x - 12 = -4*q + 3*x, -3*q = -4*x - 22. Let u be (q/(-4))/((-7)/56). Suppose 0 = 2*h + 2*s - 24, 0 + 4 = -u*s. What is the units digit of h?
3
Let j(g) = 2*g + 5. Let a be j(-9). Let v = -13 - a. Suppose -4*r = 3*p + 1 - 82, -3*p + r + 81 = v. What is the tens digit of p?
2
Suppose 10*y - 13311 = -19*y. What is the tens digit of y?
5
Let r = 2 + -1. Suppose 0 = 3*f - 6*f + 6. Suppose f*z - z = r. What is the units digit of z?
1
Let u = 611 - -28. What is the units digit of u?
9
Let c(s) be the second derivative of -s**5/20 + 3*s**4/4 - s**3/3 + s**2 - 10*s. What is the units digit of c(5)?
2
Suppose 43*a - 850 = 41*a - q, 2*q + 425 = a. What is the tens digit of a?
2
Suppose -o = -4*k - 5 - 0, -4*k = 5*o - 25. Suppose -p - 8*p + 504 = k. What is the units digit of p?
6
Suppose -d - 14*x = -17*x - 1260, -3*d - 4*x + 3741 = 0. What is the thousands digit of d?
1
Let c = -11 + 8. Suppose z - 6 = 2*t, 2*z + 16 = -3*t - 0*z. What is the units digit of (c/t)/(8/448)?
2
Let q(i) = -i**3 + 11*i**2 - 9*i - 7. Let s be q(10). Suppose -2*b + 229 = -4*g - 31, 185 = -s*g - b. What is the tens digit of (g/6)/(2/(-4))?
2
Let i(n) = -n**3 + 14*n**2 - n - 16. What is the units digit of i(8)?
0
Let j(g) = -2*g + 3. Let t be j(-6). Let r(v) = -v**2 - 7*v + 138. Let d be r(9). What is the units digit of d/t - 434/(-10)?
3
Suppose 3*t + 161 = 10*t. Let c = 51 - t. What is the units digit of c?
8
Suppose q - 13 = -a + 4*q, -2*q = 2*a - 2. Suppose -6 + 8 = 2*c. Suppose f - c = k, -3*f + a = -2*k - 2. What is the units digit of k?
3
Let f = 30 + -22. What is the units digit of (f/10)/(2/165)?
6
Let t(p) = p - 1. Let m be t(5). Suppose -4*a = j + 8, -5*a = -2*j - m*a + 11. What is the tens digit of (-6)/j - (-855)/18?
4
What is the units digit of 2570/4 + 26/52?
3
Suppose -854 = 5*j - 12*j. What is the units digit of j?
2
Let j(w) = -w**3 + 12*w**2 - 9*w. What is the tens digit of j(9)?
6
Suppose 2*s + 60 = 7*s. Suppose 3*i = 441 + s. What is the hundreds digit of i?
1
Let r(t) = -12*t + 9. Let c be r(-11). Let b = c - 62. What is the tens digit of b?
7
Suppose 224 = 2*f - 6*f. Let h = -35 - f. What is the units digit of h?
1
Let y(t) = t**3 + t**2 + 1. Let x(q) = -36*q**3 - 3*q**2 - 3*q - 5. Let c(u) = -x(u) - 6*y(u). What is the units digit of c(2)?
3
Let d = 39 + -24. Suppose -3*k + 21 = d. Suppose -s + 94 = s - g, 2*s - 100 = -k*g. What is the tens digit of s?
4
Let f be -3*(-4 + 0 + 3). Suppose 0 = 3*u - r - 10, 2*u - 3*r + 10 = f*u. Suppose -5*o - 2*k + 86 = -7, -4*k - 80 = -u*o. What is the units digit of o?
9
Let i = -1332 + 2176. What is the units digit of i?
4
Let p be (2/3)/(16/216). Let s be (15/10)/(p/12). What is the tens digit of (s/(-6))/((-4)/312)?
2
Let z be 27/12 - 2/8. Suppose z*l - 5*c = 3*l + 10, l - c = 20. Suppose 0 = 5*k - q - l, -2*k + 5*k - 2*q = 16. What is the units digit of k?
2
Suppose -57 = -7*a + 4*a. Let l = -1 + a. What is the units digit of 20/3 + 6/l?
7
Let v be -158 - (-3 - 4/(-1)). Let r = -66 - v. Let t = -55 + r. What is the tens digit of t?
3
Let j(a) be the first derivative of 6 + 5/2*a**2 - 1/4*a**4 - 5*a - 2/3*a**3. What is the units digit of j(-5)?
5
Suppose -f = -3*s - 4*f - 312, -5*f - 420 = 4*s. Let q = s - -149. What is the tens digit of q?
4
Let a(p) = -p**3 + 5*p**2 + p - 1. Let w be a(5). Let z(i) = -4*i + 5*i**2 + 27 - 42 - i**3 + 17. What is the units digit of z(w)?
2
Let s(q) = -63*q**2 + 13. Let b(d) = -190*d**2 + d + 38. Let m(u) = -6*b(u) + 17*s(u). What is the hundreds digit of m(-2)?
2
Suppose 0 = -3*v + 2*c + 66 + 32, -5*v - 3*c + 138 = 0. Let i = 114 + -29. Let w = i - v. What is the units digit of w?
5
Let k = -565 + 659. What is the units digit of k?
4
Let j = 16 + 8. Let u be 2/4*j/2. Let k(g) = 4*g + 2. What is the tens digit of k(u)?
2
Suppose 3*m - 42 = -27. Suppose -28 - 2 = -m*l. Wh